e
Let p(n) = -n + 2*n**2 + 15*n + 2*n**3 + 2*n**3 - 1 - 1. Let x be p(7). Suppose 2515 + x = 7*q. Is q a prime number?
False
Suppose 6*u + 0*u + 36488 = 14*u. Is u a prime number?
True
Let k = 457 - 452. Suppose -84033 = -k*o - 5203. Is o a prime number?
False
Suppose -3*f - 35 = -23, -2*o + 1296870 = 4*f. Is o prime?
False
Let w(p) = -4*p - 8. Let s be w(-4). Suppose 17 = s*f - 23. Is ((-1)/f)/(249018/49805 + -5) prime?
True
Suppose -3*n + 11276 = n - 4*j, 5*n = 4*j + 14099. Is (8/(48/n))/(2/4) composite?
False
Let j(k) = 101*k**3 - 6*k**2 - 22*k**2 + 25*k**2 + 6*k + 1. Is j(3) a prime number?
True
Let k(j) = 492*j - 1. Suppose s - 6*v - 26 = -10*v, 12 = 3*v. Is k(s) prime?
True
Let d = -158 + 172. Let m = d - -2819. Is m composite?
False
Let s(k) = -4*k**2 + 5430. Let q be s(0). Suppose -2712 = -2*t + i, -4*t - i + q = -0*i. Is t - ((-16)/32 - (-14)/(-4)) a prime number?
True
Let k(q) = -14 - 23 - 18 + 2088*q - 341*q. Is k(6) a composite number?
False
Is 3/((-27)/(-472401))*(5 + (-16)/4) composite?
False
Suppose 14*g - 21*g - 28*g + 3521665 = 0. Is g prime?
False
Suppose 70 = 20*s + 570. Let i be (s - 0)*-1*(-66)/(-6). Suppose 231 + i = 11*n. Is n a prime number?
False
Let x = -15 - -51. Let g = x + 19. Let y = 204 - g. Is y a composite number?
False
Let c(z) = 207 - 6 - 62*z - 26 - 440*z. Is c(-17) composite?
True
Let j(i) = -26*i**3 - 55*i**2 + 29*i + 2797. Is j(-36) a composite number?
False
Let m(y) = 113*y**3 + 15*y**2 + 72*y - 45. Is m(13) prime?
False
Suppose 1107539 = 25*w + 22764. Is w prime?
True
Let c(p) = -4*p + 7 + 42*p + 26. Suppose t + 448 = 29*t. Is c(t) composite?
False
Let d = -33669 + 81610. Is d a composite number?
True
Is 14 - (18 + (9 - 77106)) a prime number?
True
Let q(f) = -17*f**2 + 17 - 20*f**3 - 30*f**2 + 17*f + 64*f**2. Is q(-14) a prime number?
True
Let p(n) = -38*n**3 - 6*n**2 - 11*n - 11. Let m be p(-3). Let t = 18 + -15. Suppose 2*a - t*u - 990 = -u, 2*a - u = m. Is a composite?
False
Suppose 5*f - 4*i - 20 = 0, -3*f + 5*i + 4 = -8. Is ((-14)/(-28) - 5/f)*-8828 a prime number?
False
Let v be ((-10)/(-6))/(13/(-39)). Is (-1)/((-4)/20524) + v + 1 prime?
False
Let b(p) = -17*p - 44. Suppose -5*k - 2*c + 1 = -0, 5*c + 7 = -3*k. Let o(q) = -16*q**3 + 3*q**2 - q - 1. Let t be o(k). Is b(t) a prime number?
True
Let t(r) = 411*r**3 - r**2 - 22*r + 85. Is t(3) a prime number?
False
Let m be 82 - (4 + (-72)/6). Suppose -5*o + w = -596, -o + 31 = -2*w - m. Is o a prime number?
False
Let u(f) = 522*f + 782. Is u(50) prime?
False
Let q(j) = 5*j**2 - 36*j - 874. Is q(43) a composite number?
False
Suppose -5*l = 15 + 45. Let m be (-117)/(-26) + (-2)/(l/9). Suppose k + 4*s - 687 = 0, m*k - s = 2*k + 2765. Is k composite?
False
Let k(w) = 8225*w - 22. Let d(o) = -4 + 19*o + 4 - 20*o + 2. Let b(p) = 6*d(p) + k(p). Is b(1) prime?
True
Suppose -5*s + 180 = 4*s. Suppose s - 16 = -l. Is (2/l)/((-24)/29424) a composite number?
False
Let s(h) be the first derivative of 247*h**4/12 - h**3/2 + h**2/2 - 13*h + 5. Let a(k) be the first derivative of s(k). Is a(2) composite?
False
Suppose -10*m + 3801 = 17871. Let z = 2194 + m. Is z prime?
True
Let t be (-5)/(-2)*672/10. Is 43068/44 + (-2 - t/(-77)) a prime number?
False
Suppose 7*s = 4563 + 6287. Suppose -o - 207 - s = -z, 0 = -3*z + o + 5281. Is z a composite number?
True
Let h(s) = 158*s**2 - 18*s + 602. Is h(-24) a prime number?
False
Let j(p) = p**3 - 11*p**2 - 17*p + 18. Let y be j(12). Let u = y - -30. Is (1209/u)/((-4)/16) a prime number?
False
Let q = -177390 - -254699. Is q prime?
False
Let c(y) be the third derivative of y**5/60 - 19*y**4/12 + 43*y**3/6 + 49*y**2. Is c(44) prime?
True
Suppose 3*m = -4*m + 84. Suppose 19173 + 9087 = -m*r. Let g = r - -4202. Is g prime?
True
Let v(y) be the third derivative of 0*y + 0 + 1/12*y**4 + 1/120*y**6 - 7/3*y**3 - 6*y**2 + 4/15*y**5. Is v(-15) a prime number?
True
Let t(f) be the second derivative of -f**4/12 - f**3/6 + 403*f**2/2 - 36*f. Let x = -6 - -6. Is t(x) composite?
True
Let g = 602275 - 401686. Is g composite?
True
Suppose -2*m + 42970 = 3*m. Suppose n + 535 - m = 0. Is n composite?
False
Let i(c) be the first derivative of -136*c**2 - c - 133. Is i(-46) composite?
False
Suppose 16*p + 2*q + 27925 = 21*p, q + 11169 = 2*p. Suppose s + 9816 = 3*r, -p = -2*r - 3*s + 946. Is r a prime number?
True
Let g be 29/58*0/(-1). Suppose g*w = -6*w + 3246. Is w a prime number?
True
Suppose 280*j = 195*j + 12377275. Is j a prime number?
False
Suppose 46*x - 48*x = 4*w - 2679466, -x + 3349340 = 5*w. Is w a prime number?
True
Let m = -15011 - -22828. Is m a composite number?
False
Suppose 4*a + 6*a = 0. Suppose -4*j + 1459 = -a*f + f, -5*j = -2*f + 2931. Let l = -972 + f. Is l a prime number?
True
Let w be 10/(-45) - 174/(-54). Is 1/w + 322740/135 a prime number?
False
Suppose 0 = -4*f - 4*s - 3940 + 45092, -41185 = -4*f + 7*s. Is f composite?
True
Let g(c) = 2*c - 8. Let i be g(8). Let p be (3 - -3)*(3 + 1134). Suppose u = -i*u + p. Is u composite?
True
Let f(z) = 2 - 7*z + 22*z**2 + 2 - 3. Let q(d) = 2*d**2 - 2*d - 9. Let x be q(3). Is f(x) a prime number?
False
Suppose -5*r = 3*i + 28575, -3*i - 2*r - 28575 = -0*r. Let j = i + 16804. Is j a prime number?
False
Let z be 85*(1 + 4 - (-3204)/(-60)). Let v = z + 5937. Is v prime?
True
Let c = -93791 + 495990. Is c composite?
True
Let d(w) = -36*w**3 - 2*w**2 + 85. Is d(-6) a prime number?
True
Suppose 5*l = 15*l - 20630. Suppose -7*o = -6*o - l. Is o prime?
True
Is 32/(-80) - (-2573994)/10 prime?
True
Let t be -4 + 2 - -3 - 0. Let j be 5 + -3 + 414*t. Suppose j = 4*u - 1796. Is u a composite number?
True
Let a(s) = s**3 + 10*s**2 - 7*s + 45. Let g be a(-11). Is (5 + (-11088)/30)/(g/(-5)) composite?
False
Suppose 0 = -2*d - 0*d - 4*p + 2540, 5*d - 3*p - 6350 = 0. Suppose 258 - d = -4*r. Is r a prime number?
False
Let p(y) be the second derivative of -47*y**4/24 - 11*y**3/3 - 3*y**2 - 14*y. Let q(o) be the first derivative of p(o). Is q(-15) a prime number?
True
Suppose -b + 2*k - 200 = -3*k, -k + 1 = 0. Let l = -53 - b. Is l composite?
True
Let k = -492 - -494. Is (-39)/21 + k - 205548/(-49) a prime number?
False
Suppose 5*f + 30 = 3*j, 3*j = 6*j + f - 12. Suppose -j*z + 34 = 9. Suppose 3*q - 296 = -z*s, -q + 290 = 2*q - s. Is q prime?
True
Suppose -2271*c = -2273*c + 270238. Is c composite?
False
Suppose -10*r - 234 = -13*r. Let b be (-25)/(-6) - 13/r. Is -1 + (b - -125)*2 composite?
False
Let j(t) = 2979*t + 3. Suppose 2*q - 8*v + 2 = -7*v, q = 3*v - 11. Let d be j(q). Let a = d + -373. Is a composite?
False
Suppose 11*r = 199 + 131. Suppose -23*z = -r*z + 5873. Is z a prime number?
True
Let d(b) = -1504*b - 62. Let p be d(22). Let w = p + 60067. Is w composite?
True
Suppose -273*x + 144871 = v - 277*x, -579550 = -4*v - 6*x. Is v a composite number?
False
Let t(j) = 3*j**3 + 28*j**2 + 9*j + 19. Suppose -2*d = -243 + 225. Is t(d) a prime number?
False
Let t be -6*(75/10)/15. Is 12217 + 2*t/6*-2 composite?
True
Suppose 3*o - 9 = 0, -u + 80422 = -0*o + 5*o. Is u composite?
False
Let i be (17/((-85)/(-86450)) - 2) + 5. Suppose -4*q - 3*o + i = 0, o - 35759 + 14129 = -5*q. Is q prime?
True
Let l be (992/(-40))/((-2)/20). Suppose l + 140 = 4*u. Is u composite?
False
Suppose 2*k - 2*n - 57726 = 0, 37*k - 86589 = 34*k + n. Suppose -5*a + 4*z = -k, 4*a - 7*a = -3*z - 17319. Is a composite?
True
Let z = -65049 + 93218. Is z prime?
False
Suppose -51*r - 26507 + 276764 = 0. Is r prime?
False
Let j = 64 - 56. Suppose j*n - 10 = 6*n. Suppose -3*f - 12 = f, -n*g = 5*f - 6800. Is g a composite number?
True
Let i(d) = -2*d - 8. Let s = -36 - -31. Let m be i(s). Suppose -5*c + 4291 = m*c. Is c prime?
True
Suppose -2*m + 16 = -2*u - 0*u, 4*m + 2*u - 2 = 0. Suppose -3*j = -m*g + 2184, 5*j + 20 = j. Is (56/24)/(1/g) composite?
True
Suppose 3*b + 3 = 0, -2*k + 5*b = -5*k - 383. Let u = k + 305. Is u prime?
True
Suppose -4*x = -7*s + 973049, 2*x - 44261 = 2*s - 322275. Is s a prime number?
False
Let s(c) = 194*c**2 - 43*c + 666. Is s(-23) a composite number?
False
Let s(x) = -9977*x**2 + 0 + 10127*x**2 - 1. Is s(1) composite?
False
Let q(x) = x**3 - 25*x**2 - 110*x - 227. Is q(32) prime?
False
Suppose -4*f + 0 + 16 = -3*x, x - 4*f = -16. Suppose 2*r - 4115 - 4097 = x. Is r a prime number?
False
Let o(u) = 2329*u*